7*o**2 + 4*o - 3. Let y be p(-6). Calculate the greatest common divisor of r and y.
9
Suppose -3*a + 12 = -2*s, 5*a = -2*s + 1 + 3. Let b(k) = 0 + 5 + 8*k**2 - 4 + 0 - 3*k. Let m be b(a). Calculate the highest common factor of m and 189.
27
Let o = -176 - -191. Suppose l = -2 + 26. Let f = 84 - l. What is the greatest common factor of o and f?
15
Let m be ((-528)/20)/(3/(-15)). Suppose -3*r - 5*t = -3*t - 1446, 3*r - 2*t - 1458 = 0. Calculate the greatest common factor of m and r.
44
Let f be (-24)/60*(-1 - 39). Suppose 21*o - f*o - 335 = 0. What is the greatest common divisor of 134 and o?
67
Suppose -4*j - 4*b + 408 = 0, 5 + 301 = 3*j + 2*b. Suppose 0 = 5*t - 30 - 0. Calculate the highest common divisor of t and j.
6
Let p(b) = b**2 - 5*b - 3. Let f be p(4). Let q be (-17 + 15)*(-3 + 2) + -4367. Let d be 2/f - q/63. Calculate the highest common factor of 46 and d.
23
Suppose -4*f + 20 + 40 = 0. Suppose 0 = 43*z - 48*z + f. Suppose 2*c = 3*s - s - 58, -s + z*c + 19 = 0. Calculate the highest common factor of 272 and s.
34
Let z = -3565 - -4541. What is the highest common divisor of 48 and z?
16
Let j(g) = -g**3 + 10*g**2 + 46*g - 356. Let i be j(6). What is the highest common divisor of 25408 and i?
64
Suppose -3*m - n - 44 = 12, 4*n = m + 36. Suppose d = 4*a - 30, -4*a = 2*d + 9 - 45. Let k be 4*177/30 - a/m. Calculate the highest common divisor of 8 and k.
8
Suppose 4*j + j = 50. Let q(i) = -2*i**2 + 21*i - 19. Let v be q(9). Let g be (v/4)/((-5)/(-275)). What is the greatest common factor of j and g?
10
Let u(v) = -v**3 + 46*v**2 + 146*v + 143. Let l be u(49). Calculate the greatest common divisor of 23500 and l.
94
Suppose 5*l - 86 - 4 = 0. Suppose 12*w = l*w - 1794. What is the greatest common factor of w and 13?
13
Let k(x) = -132*x - 150. Let z be k(-7). Calculate the greatest common divisor of z and 126.
18
Suppose 4*d - 7 = 33. Let t be 5*(-4)/d*-1. Let x be (1 + t)/3 - (-6 + 6). What is the greatest common divisor of 1 and x?
1
Let i(b) = 11*b**3 + b + 2. Let f be i(-1). Let a(q) = q**3 + 10*q**2 - 11*q - 24. Let u be a(f). Let n = 34 + u. What is the highest common factor of n and 24?
24
Suppose 933 = 4*s - 1123. Let j = 973 - s. What is the greatest common divisor of 27 and j?
27
Let p = -9496 + 9551. Calculate the greatest common divisor of 7865 and p.
55
Suppose 4*f + 0*f - 2*l = 10, 0 = -f + 5*l - 2. Suppose f*o + 18 - 5 = 4*p, 1 = p - 3*o. What is the highest common factor of 116 and p?
4
Let r = 181 + -175. Let j be 29 - ((-4)/2 - (-18)/r). Suppose 5*d - 1250 = 2*k, -2*k - k - 489 = -2*d. What is the greatest common factor of j and d?
28
Let y be (6 + -4)/((-6)/8*(-98)/3528). Let u(t) = 7*t**3 - 3*t**2 + 2*t. Let a be u(2). What is the highest common factor of y and a?
48
Suppose 7*x = 17*x - 300. Let q be x/(-9)*-3 + 2. Calculate the highest common divisor of 162 and q.
6
Suppose 204*q = 114*q + 27720. What is the greatest common divisor of q and 49?
7
Let u be (1132*429/176)/((-12)/(-32)). Calculate the greatest common divisor of 26 and u.
26
Let o = -115 + 118. Suppose -7*l - o*l = -20. Suppose -396 = -4*b - a, l*b - 6*a = -4*a + 198. Calculate the greatest common divisor of b and 11.
11
Let l be 260/60*-3 - -23863. What is the highest common divisor of 212 and l?
106
Let d(b) = b - 10. Suppose -16*r = -4*r - 300. Let x be d(r). Calculate the highest common divisor of 5 and x.
5
Suppose 956 = 4*x + 93*a - 91*a, -2*x - 2*a = -482. Calculate the highest common factor of x and 9.
3
Let r(k) = 12 - k**3 + 0*k - 6*k + 17*k**2 + 0*k**3. Let d be r(15). Calculate the highest common factor of 12 and d.
12
Suppose -3*a + 39 = 4*u - u, 2*u - 12 = 5*a. Suppose -7217 = -204*w + 10658 + 2321. What is the greatest common factor of u and w?
11
Suppose 4*h = 11*c - 14*c + 140, 5*c = 2*h + 242. What is the greatest common factor of 1416 and c?
24
Suppose -4*n - 122 = -5*p, 3*n - 32 = -8*p + 7*p. Let w(x) = -19*x. Let k be w(-1). Suppose -2*l + 111 = -k. Calculate the greatest common divisor of l and p.
13
Suppose -j - 5 = -0*j, -3*g - 2*j + 554 = 0. Let i be (-43)/344 - 754/(-16). Calculate the greatest common factor of g and i.
47
Let k(h) = -18*h + 585. Let l be k(24). What is the highest common divisor of 340 and l?
17
Let a(i) = 9*i**2 + 24*i - 11. Let p(w) = w**2 + 2*w. Let h(t) = 3*a(t) - 24*p(t). Let u be h(-11). What is the highest common factor of u and 154?
22
Let g be -1 - 6/(-4) - (-627)/(-6). Let t = -142 + 260. Let u = g + t. What is the greatest common divisor of 14 and u?
14
Let x = 6216 + -6152. What is the highest common divisor of x and 12672?
64
Suppose a - u + 86 = 3*a, 0 = 4*u + 8. What is the greatest common divisor of a and 561?
11
Suppose 0 = 6*g + 4*z - 30056, 3*g + 4451 - 19471 = -4*z. Calculate the greatest common divisor of 84 and g.
28
Suppose 0 = w + p - 43, 9*w - 13*w + 176 = 3*p. Let y = 1 + 2. Suppose -w - 79 = -y*c. Calculate the greatest common divisor of 63 and c.
21
Let c = -449 + 453. Suppose -651 = -11*q + 2077. Calculate the greatest common divisor of c and q.
4
Suppose -7*w + 1726 - 1684 = 0. Let y(f) = -53*f**3 - f. Let b be (1/2)/((-3)/6). Let m be y(b). Calculate the highest common divisor of m and w.
6
Suppose 0 = -5*o + p + 9478, -7*o + 4*p = 3003 - 16280. What is the greatest common divisor of o and 5?
5
Let l = -99 + 303. Let b be ((-35)/(-3))/(17/l). Calculate the greatest common factor of b and 56.
28
Let i be (-36)/15*12740/(-39). What is the greatest common divisor of i and 8288?
112
Suppose -n - 4*y = 1, -2*y + 7*y + 4 = -4*n. Let u be (3 + -6)/n + -25. Let o = u + 32. Calculate the greatest common divisor of 50 and o.
10
Suppose -2*k + 55 = 1. Suppose 0*l = 2*c + 3*l - 33, 0 = -c + 2*l + k. Let m be c/2*(-20)/(-15). What is the highest common divisor of m and 14?
14
Let l be (-21)/15 - 1376/(-215) - -6806. What is the greatest common factor of 139 and l?
139
Let p = -92 - -34. Let f = p - -103. What is the highest common factor of 360 and f?
45
Suppose 40329 = 3*v + 39528. Calculate the highest common divisor of 87 and v.
3
Let o(q) be the third derivative of 15*q**2 + 0 + 0*q - 23/6*q**3 + 1/4*q**4. Let g be o(13). Calculate the greatest common factor of g and 5.
5
Let o = -6 + 16. Suppose m = -r + 764, -r = 4 - 7. Suppose -119 - m = -8*s. Calculate the highest common factor of s and o.
10
Suppose -3*i = -2*i, 3*z + i - 51 = 0. Let g = z - 12. Suppose -g*q = -27 - 63. Calculate the highest common factor of 12 and q.
6
Let y = 30 + -33. Let x(f) = -7*f**3 - 3*f**2 - f + 3. Let g be x(y). Calculate the highest common factor of g and 21.
21
Let v = -3585 + 5009. What is the highest common divisor of v and 80?
16
Let i = 523 - 504. Suppose i*y - 8*y - 275 = 0. Calculate the greatest common divisor of 400 and y.
25
Let i(q) be the second derivative of q**3/6 + 15*q**2/2 + 16*q. Let d be i(-6). Let u(j) = j**2. Let w be u(6). What is the greatest common divisor of w and d?
9
Suppose -44995 - 25243 = -173*b. What is the highest common factor of b and 119?
7
Let i(d) = -30*d + 126. Let u be i(5). Let x be 662/4 + u/16. What is the highest common factor of 410 and x?
82
Let u = -6247 + 6289. Calculate the greatest common factor of 9786 and u.
42
Let b(j) be the second derivative of -17*j**3/6 - 3*j**2/2 - 19*j. Let r be b(2). Let t = -29 - r. Calculate the highest common factor of t and 2.
2
Let i be 40890/(-116)*(-8)/30. Calculate the greatest common divisor of 282 and i.
94
Suppose 75*r = s + 74*r - 107, 3*r = -2*s + 239. Calculate the highest common divisor of s and 238.
14
Suppose -4*b = 3*c + 3358, 2*b = 6 - 2. Let p be ((-2)/11)/(51/c). What is the greatest common factor of p and 64?
4
Let d be (5/35 - (-65)/280)*24. What is the highest common divisor of d and 1293?
3
Suppose 109 = 2*y + y + 5*m, -74 = -3*y + 2*m. Calculate the highest common factor of y and 1988.
28
Let t = 292 + -258. Let u(a) = -a**2 + 21*a - 13. Let l be u(9). Suppose 6*y = l + 211. What is the highest common divisor of y and t?
17
Let a be (-272)/112*7 - -69. What is the greatest common divisor of 20800 and a?
52
Suppose -r + 0 = -3. Let i(o) = 4*o - 60. Let g be i(12). Let y be ((-32)/g)/(6/9). Calculate the highest common divisor of y and r.
1
Suppose -14*u = -10*u - 4. Let h be (u - 33)*-4*(-3 - -5). Suppose